n o(u) is divided by 4?
0
Let h(z) = 2*z**2 - 232*z + 2509. What is the remainder when 1018 is divided by h(104)?
4
Suppose -30 = -1356*b + 1350*b. Suppose 3*v + 4*h - b = 68, -4*v = -h - 91. Suppose 2*c - c = 229. What is the remainder when c is divided by v?
22
Let t(r) be the first derivative of 8*r**3/3 + 4*r**2 + 42*r - 36. Calculate the remainder when t(-6) is divided by 41.
36
Suppose 4013 = -7*j + 24005. Suppose 15*f = j - 891. Suppose -2*u + f = 5*p, -3*u + p - 49 = -203. Calculate the remainder when u is divided by 28.
25
Let k = -2764 - -2783. Calculate the remainder when 46 is divided by k.
8
Let b(v) = -v**3 - 5*v**2 + v - 5. Let n = -44 + 38. Let p be b(n). Let d = 31 - p. Calculate the remainder when 22 is divided by d.
4
Let o be 20/(-6) - (-3 + 4)/(-3). What is the remainder when 2/(-6)*1 - 454/o is divided by 17?
15
Let g(t) = 2*t**2 - t - 15. Let l be g(3). Suppose 8*k - 2153 + 465 = l. Calculate the remainder when k is divided by 73.
65
Suppose 0 = -2*y - 5*q + 4*q + 279, 0 = -5*y - 5*q + 705. Suppose -16*o + 896 + 32 = 16*o. What is the remainder when y is divided by o?
22
Let w = -79006 + 79045. Suppose l = -0*l - 2. Let z(f) = 3*f**2 - 2*f - 2. What is the remainder when w is divided by z(l)?
11
Let i = 2541 - 2522. Calculate the remainder when 136 is divided by i.
3
Let b be 24/(-6 + 2) + 8. Suppose -6*t + 468 = -2*t - 2*r, -b*t - 4*r + 224 = 0. What is the remainder when t is divided by 13?
12
Let f = 375 + -317. Let l(c) = -2*c**2 + 22*c - 14. Calculate the remainder when f is divided by l(10).
4
Let t = 306 + -264. Suppose -26 = -4*o + t. What is the remainder when o is divided by 11?
6
Let x(d) = -d**3 - 5*d**2 + 14*d + 8. Let j be x(-7). Suppose 5*s - j*s + 87 = 3*a, 3*a - 62 = -2*s. What is the remainder when 198 is divided by s?
23
Calculate the remainder when 4749 is divided by 567/18*(4 + 72/(-21)).
15
Let p(k) = k**3 + 23*k**2 + 2*k + 67. Suppose 15*b - 10*b = -4*r - 103, 5*r + 8 = -b. Calculate the remainder when p(b) is divided by 0/(-3 - -2) + 11.
10
Let c(k) = k**3 + 14*k**2 + 10*k + 413. Calculate the remainder when 5179 is divided by c(-14).
265
Let y be (-1)/((-1)/(-6))*(-182)/28. Suppose -475*d + y = -472*d. Calculate the remainder when 59 is divided by d.
7
Let u(d) = 70*d - 3986. What is the remainder when 1842 is divided by u(57)?
2
Let n(k) = -44*k**2 + 647*k + 24. What is the remainder when n(13) is divided by 67?
61
Let n = 225 - 188. Suppose 45*f = n*f + 1120. Calculate the remainder when f is divided by 29.
24
Let a(g) = g**3 - 26*g**2 + 21*g + 101. Let f be a(25). Let q(h) = 16*h**2 + 3*h - 5. What is the remainder when 235 is divided by q(f)?
11
Suppose 3*n - 14*n + 88 = 0. Let j = -19 + 24. Suppose -2*p + 4*o = -228, p - 67 = -j*o + 33. What is the remainder when p is divided by n?
6
Suppose 4*k + k - 2*q = 15, -9 = -3*k + q. Suppose 0 = -k*s - 18 + 45. What is the remainder when 31 is divided by s?
4
Suppose 14*u = -16 + 100. Suppose -u*k = -7*k + 14. What is the remainder when 118 is divided by k?
6
Let q(m) = m**3 - 6*m**2 - 27*m + 31. What is the remainder when q(11) is divided by 46?
17
Let d be 3/18 - (-258)/(-36). Let a(f) = -31*f - 38. Suppose 5*k = -4*r + 17 + 125, 4*r = -3*k + 82. What is the remainder when a(d) is divided by k?
29
Let x(v) be the first derivative of 89*v**3/3 + 23*v**2/2 + 261. Calculate the remainder when 118 is divided by x(-1).
52
Suppose 0 = -4*u - 11 + 71. What is the remainder when 1138 is divided by u?
13
Let y be 208 - ((-1)/(5/(-20)) + -6). Suppose 0 = 2*n - 3*n + 5*a + 42, 5*n = -5*a + y. Calculate the remainder when n is divided by 92/6 - 1/3.
12
Let l(y) = y**2 - 28*y + 124. Let b be l(24). Calculate the remainder when 306 is divided by -1 + 1*40 + (b - 23).
42
Let f = 139 + -132. Let y(x) = 18*x + 37. What is the remainder when y(f) is divided by 13?
7
Suppose 435 = 3*y - 58*a + 57*a, 3*y - 453 = -2*a. What is the remainder when 473 is divided by y?
32
Suppose -t + 9 = 7. Suppose j + 5 = -4*q + 17, t*q - 20 = -4*j. Suppose -5*k = j*a - 42, 3*k - 2*a - 8 = 4. What is the remainder when 10 is divided by k?
4
Let g = 79 + 259. Let h = 383 - g. Calculate the remainder when h is divided by 28.
17
Let x = 8082 + -8051. Calculate the remainder when 9731 is divided by x.
28
Suppose l - 5*s = -27, 2*l + 28 = -2*l + 4*s. Let t = -41 - 7. What is the remainder when 29 is divided by (-320)/t + l/(-6)*-2?
5
Let f(l) be the second derivative of -l**4/6 + 25*l**3/6 + l**2 - 64*l + 4. Suppose 6*r - r - 55 = 0. Calculate the remainder when f(r) is divided by 4.
3
Let m = 4910 - 4457. What is the remainder when m is divided by 45?
3
Calculate the remainder when (-1)/(3/(92*-3)) is divided by (1/(-2))/((-74)/4588).
30
Suppose -f - 11 = -15. Suppose 0 = f*v + 256 - 348. Calculate the remainder when v is divided by 12.
11
Suppose 4*h + 12 = -0*h, -5*h - 5 = 2*b. Let i be (-99)/(-15) - (-2 + 8/b). Suppose 0 = i*c - 65 - 26. What is the remainder when 74 is divided by c?
9
Suppose -5*g - 25 = -165. What is the remainder when (-70564)/(-4071)*(-90)/(-8) is divided by g?
27
Let b = -258 - -261. Calculate the remainder when -1 - (-5)/b - 2712/(-36) is divided by 22.
10
Suppose 3*q - 130 = w, 0 = -2*q + 4*w + 78 + 22. Let d = q - 39. What is the remainder when (1296/135)/(d/20) is divided by 33?
31
Let n = -329 + 332. Suppose n*d - 15 = 27. What is the remainder when 38 is divided by d?
10
Let f(g) = -g**2 - 8*g + 7. Let w(z) = z + 28. Let n be w(0). Suppose -n = 33*x - 29*x. Calculate the remainder when 40 is divided by f(x).
12
Suppose -4*k + 12 = 0, 4*c - 2143 = -3*k + 2*k. Let t = c + -514. Calculate the remainder when 75 is divided by t.
12
Let q(i) = -2*i**3 + 19*i**2 + 3*i + 2. Let d be q(13). Let p = 1614 + d. Let y = -218 + p. Calculate the remainder when y is divided by 51.
50
What is the remainder when 67 is divided by (484/66 - 7)/((-2)/(-60))?
7
Let n = -38600 + 39094. What is the remainder when 545 is divided by n?
51
Let s(i) = 2*i**2 - 53*i + 432. Calculate the remainder when s(31) is divided by 31.
29
Suppose -w + l + l - 4 = 0, 4*l = -3*w + 18. Suppose 12 = -4*n, 0 = k + 4*n + w + 7. Suppose k*b = -b + 116. Calculate the remainder when 53 is divided by b.
24
Let y(m) = 257*m - 479*m + 195 + 242*m. Calculate the remainder when y(0) is divided by 7.
6
Let r be 31 - (5 + (-50)/5). Suppose 0 = -r*p + 35*p + 30. Calculate the remainder when p is divided by 11.
8
Let a be ((-30)/(-90))/(3/450). Suppose 0 = 11*u - 38 - a. Let m(w) = w**3 - 4*w**2 - 7*w - 2. What is the remainder when m(6) is divided by u?
4
Let g(d) = d**3 + 6*d**2 + 7. Suppose 368*z = 373*z + 30. Let s(b) = b + 19. What is the remainder when s(0) is divided by g(z)?
5
Let r = 365 - 342. Suppose -4*x = -4*k + k - 61, 2*x - 3*k - r = 0. Calculate the remainder when 61 is divided by x.
4
Let f = -755 - -1501. Calculate the remainder when f is divided by 74.
6
Suppose -18*f = -23*f - 3*k + 1497, 0 = -5*f + k + 1481. Suppose -2916 - f = -21*r. What is the remainder when r is divided by 14?
13
What is the remainder when 350 is divided by 6132/18 - (-8)/(-12)?
10
Calculate the remainder when 61 is divided by (23 - (6 + -6))*1.
15
Suppose 4*r = 5*x - 165, -21 = -x - r + 12. Calculate the remainder when (-324)/(-198)*(104 - -6)/5 is divided by x.
3
Let g(f) = f**3 + 8*f**2 - 6*f - 7. Let x be g(-9). Let c = -27 + x. Let u = -36 - c. What is the remainder when 94 is divided by u?
19
Suppose -4*t + 3*l = -2949, -5*t - 2*l + 679 = -2990. Suppose -53*c - t = -74*c. What is the remainder when c is divided by 24?
11
Suppose 374 = -3*w + 8*w - 4*w. Calculate the remainder when w is divided by 29.
26
Suppose -2*w + 34 = -5*f - 25, -2*f - 56 = -2*w. What is the remainder when 1295 is divided by w?
26
Suppose -4*g + 0*y = -2*y - 56, -3*y - 4 = -g. Suppose g*o = 193 + 415. Suppose 4*j - 35 + 3 = 0. What is the remainder when o is divided by j?
6
Let i = 15 + -23. What is the remainder when 138 is divided by i/(-4) + 0 + 18?
18
Suppose -5*s + 33 = -6*s. Let z be -5 + (48 - -4) - 7. Let n = s + z. What is the remainder when 40 is divided by n?
5
Suppose 4*z - 3*v = -z + 35, 0 = -5*v. Let w(b) = -z*b**2 - 7*b + 24 - 2*b**3 - 52 + 23. Calculate the remainder when 155 is divided by w(-4).
38
Let u(n) = 13*n + 297. Calc